{"id":9302,"date":"2026-04-19T22:41:37","date_gmt":"2026-04-19T20:41:37","guid":{"rendered":"https:\/\/www.sk5aa.se\/?page_id=9302"},"modified":"2026-04-19T22:41:38","modified_gmt":"2026-04-19T20:41:38","slug":"nyborjare","status":"publish","type":"page","link":"https:\/\/www.sk5aa.se\/?page_id=9302","title":{"rendered":"Nyb\u00f6rjare"},"content":{"rendered":"\n<h4 class=\"wp-block-heading\">Radio f\u00f6r nyb\u00f6rjare<\/h4>\n\n\n\n<p class=\"wp-block-paragraph\">Vid m\u00e5nadsm\u00f6tet mars 2025 h\u00f6ll SM5EFX Anders och SM5FUG Jan ett f\u00f6redrag om radio och \u00f6vrig utrustning f\u00f6r nyb\u00f6rjare. Presentationen finns ><a href=\"https:\/\/www.sk5aa.se\/wp-content\/uploads\/2025\/03\/Nyborjarradio_2025_FUG-EFX.pdf\">h\u00e4r<\/a>&lt; att ladda ned.<\/p>\n","protected":false},"excerpt":{"rendered":"<p>Radio f\u00f6r nyb\u00f6rjare Vid m\u00e5nadsm\u00f6tet mars 2025 h\u00f6ll SM5EFX Anders och SM5FUG Jan ett f\u00f6redrag om radio och \u00f6vrig utrustning f\u00f6r nyb\u00f6rjare. Presentationen finns >h\u00e4r&lt; att ladda ned.<\/p>\n","protected":false},"author":5,"featured_media":0,"parent":0,"menu_order":0,"comment_status":"closed","ping_status":"closed","template":"","meta":{"_crdt_document":"{\"document\":\"AAAG9tiw8xBRSQY0AQlQKhQBAQgBAUgCBQBCSIABAQEIAQFIEgIBAQgCQgBIAL4BAQEIAkIASNICvgIBAQgCCBAYogMI3AQBAEjAA5wH4gPcBigFCLwJ4gNdKAEhACcABAAnASgEJwAoCycARACEAAcAKAInASgCJwCoAQQAKACHACgCJwAoAycABwAoAicBBAAoAScAhwAoAicBBAAoAScAhwAoAicBBACEBCgCJwCoAMQBqAAE\/Q2ZDXN0YXRldmVyc2lvbmRvY3VtZW50ZGF0ZWRvY3VtZW50c3RhdHVzZG9jdW1lbnR0aXRsZUF1dG9tYXRpc2t0IHV0a2FzdGRvY3VtZW50Y29udGVudGRvY3VtZW50ZXhjZXJwdGRvY3VtZW50YXV0aG9yZG9jdW1lbnRmZWF0dXJlZF9tZWRpYWRvY3VtZW50Y29tbWVudF9zdGF0dXNkb2N1bWVudHBpbmdfc3RhdHVzZG9jdW1lbnR0ZW1wbGF0ZWRvY3VtZW50bWV0YW5ldmVfbWV0YV9zaWRlYmFybmV2ZV9tZXRhX2NvbnRhaW5lcm5ldmVfbWV0YV9lbmFibGVfY29udGVudF93aWR0aG5ldmVfbWV0YV9jb250ZW50X3dpZHRobmV2ZV9tZXRhX3RpdGxlX2FsaWdubWVudG5ldmVfbWV0YV9hdXRob3JfYXZhdGFybmV2ZV9wb3N0X2VsZW1lbnRzX29yZGVybmV2ZV9tZXRhX2Rpc2FibGVfaGVhZGVybmV2ZV9tZXRhX2Rpc2FibGVfZm9vdGVybmV2ZV9tZXRhX2Rpc2FibGVfdGl0bGVfdGhlbWVpc2xlX2d1dGVuYmVyZ19ibG9ja19oYXNfcmV2aWV3Zm9vdG5vdGVzZG9jdW1lbnRibG9ja3NOeWLDtnJqYXJlY2xpZW50SWRpc1ZhbGlkbmFtZWF0dHJpYnV0ZXNjb250ZW50ZHJvcENhcGhhc0N1c3RvbUNTU290dGVyQ29uZGl0aW9uc2lubmVyQmxvY2tzUmFkaW8gZsO2ciBueWLDtnJqYXJlbGV2ZWxjbGllbnRJZGlzVmFsaWRuYW1lYXR0cmlidXRlc29yZGVyZWR2YWx1ZXNoYXNDdXN0b21DU1NvdHRlckNvbmRpdGlvbnNpbm5lckJsb2Nrc2NsaWVudElkaXNWYWxpZG5hbWVhdHRyaWJ1dGVzY29udGVudGF2IDxhIGhyZWY9Imh0dHBzOi8vd3d3LnNrNWFhLnNlLz9hdXRob3I9NSI+U001S1JJPC9hPmhhc0N1c3RvbUNTU290dGVyQ29uZGl0aW9uc2lubmVyQmxvY2tzY2xpZW50SWRpc1ZhbGlkbmFtZWF0dHJpYnV0ZXNjb250ZW50MjkgbWFycywgMjAyNWhhc0N1c3RvbUNTU290dGVyQ29uZGl0aW9uc2lubmVyQmxvY2tzY2xpZW50SWRpc1ZhbGlkbmFtZWF0dHJpYnV0ZXNjb250ZW50VmlkIHNlbmFzdGUgbcOlbmFkc23DtnRldCBow7ZsbCBTTTVFRlggQW5kZXJzIG9jaCBTTTVGVUcgSmFuIGV0dCBmw7ZyZWRyYWcgb20gcmFkaW8gb2NoIMO2dnJpZyB1dHJ1c3RuaW5nIGbDtnIgbnliw7ZyamFyZS4gUHJlc2VudGF0aW9uZW4gZmlubnMgJmd0OzxhIGhyZWY9Imh0dHBzOi8vd3d3LnNrNWFhLnNlL3dwLWNvbnRlbnQvdXBsb2Fkcy8yMDI1LzAzL055Ym9yamFycmFkaW9fMjAyNV9GVUctRUZYLnBkZiI+aMOkcjwvYT4mbHQ7IGF0dCBsYWRkYSBuZWQuZHJvcENhcGhhc0N1c3RvbUNTU290dGVyQ29uZGl0aW9uc2lubmVyQmxvY2tzPm1hcnMgMjAyNSA8IS0tIHdwOmhlYWRpbmcgeyJsZXZlbCI6NH0gLS0+CjxoNCBjbGFzcz0id3AtYmxvY2staGVhZGluZyI+UmFkaW8gZsO2ciBueWLDtnJqYXJlPC9oND4KPCEtLSAvd3A6aGVhZGluZyAtLT4KCjwhLS0gd3A6cGFyYWdyYXBoIC0tPgo8cD5WaWQgbcOlbmFkc23DtnRldCBtYXJzIDIwMjUgaMO2bGwgU001RUZYIEFuZGVycyBvY2ggU001RlVHIEphbiBldHQgZsO2cmVkcmFnIG9tIHJhZGlvIG9jaCDDtnZyaWcgdXRydXN0bmluZyBmw7ZyIG55YsO2cmphcmUuIFByZXNlbnRhdGlvbmVuIGZpbm5zID48YSBocmVmPSJodHRwczovL3d3dy5zazVhYS5zZS93cC1jb250ZW50L3VwbG9hZHMvMjAyNS8wMy9OeWJvcmphcnJhZGlvXzIwMjVfRlVHLUVGWC5wZGYiPmjDpHI8L2E+Jmx0OyBhdHQgbGFkZGEgbmVkLjwvcD4KPCEtLSAvd3A6cGFyYWdyYXBoIC0tPgUHCAQIBggFEggHCAcIBggOCA4IC0gBBBETHhcZF1gBFyUJCAYBSAAHBApHAAwPCxMFCAcECgcGDA8LCAcECgc2DA8LCAcECgcNDA8LCAcECgcECAyxAQSzAQcMDwsBCp8GCwEDAAABBwALAQAAF0IBAQBBAAIAQQAAQQACAEEAAgBBAAIAAkE0AV0AfQF3EzIwMjYtMDQtMTlUMjI6Mzk6NDh9BX0AdwZjbG9zZWR3BmNsb3NlZHcAdwB3AHcAfQB3AHcAdwB3AHcAdwB5dwB3JDhiNjBhZTJlLWExZTktNGVmOS1iYWYxLTk0NmJhYWQzNmMwN3h3DmNvcmUvcGFyYWdyYXBoeXl1AHckMzU1NWU2MGQtMDczYS00NzRlLWIwOTAtOGUxMGRlYWQyZTI0dwxjb3JlL2hlYWRpbmd9AXckZDZkN2RhZGYtNTAzYy00ZTBjLWJiODktMmQxYzQ4Y2Q1ZjQxeHcJY29yZS9saXN0eXcAeXUAdyQyYzIzMjhhOS1kZmYyLTQyNTEtYjI1ZC02MzAzYWVmNjc0NzR4dw5jb3JlL2xpc3QtaXRlbXl1AHckZTMxZjg2NmYtM2FiZS00M2ZmLTgxNjUtZDM5ZjEzY2E3YzdjeHcOY29yZS9saXN0LWl0ZW15dQB3JDBkNWM3ODAxLWU3ZGItNGMwMi1hZGI1LTliMTU1NGM5NWJlNnh3DmNvcmUvcGFyYWdyYXBoeXl1AH0EdwdwdWJsaXNoAbas2LkICAIAAREfAAEAAgAYXwoHfQM=\",\"updateId\":609983436}","neve_meta_sidebar":"","neve_meta_container":"","neve_meta_enable_content_width":"","neve_meta_content_width":0,"neve_meta_title_alignment":"","neve_meta_author_avatar":"","neve_post_elements_order":"","neve_meta_disable_header":"","neve_meta_disable_footer":"","neve_meta_disable_title":"","_themeisle_gutenberg_block_has_review":false,"footnotes":""},"class_list":["post-9302","page","type-page","status-publish","hentry"],"_links":{"self":[{"href":"https:\/\/www.sk5aa.se\/index.php?rest_route=\/wp\/v2\/pages\/9302","targetHints":{"allow":["GET"]}}],"collection":[{"href":"https:\/\/www.sk5aa.se\/index.php?rest_route=\/wp\/v2\/pages"}],"about":[{"href":"https:\/\/www.sk5aa.se\/index.php?rest_route=\/wp\/v2\/types\/page"}],"author":[{"embeddable":true,"href":"https:\/\/www.sk5aa.se\/index.php?rest_route=\/wp\/v2\/users\/5"}],"replies":[{"embeddable":true,"href":"https:\/\/www.sk5aa.se\/index.php?rest_route=%2Fwp%2Fv2%2Fcomments&post=9302"}],"version-history":[{"count":1,"href":"https:\/\/www.sk5aa.se\/index.php?rest_route=\/wp\/v2\/pages\/9302\/revisions"}],"predecessor-version":[{"id":9304,"href":"https:\/\/www.sk5aa.se\/index.php?rest_route=\/wp\/v2\/pages\/9302\/revisions\/9304"}],"wp:attachment":[{"href":"https:\/\/www.sk5aa.se\/index.php?rest_route=%2Fwp%2Fv2%2Fmedia&parent=9302"}],"curies":[{"name":"wp","href":"https:\/\/api.w.org\/{rel}","templated":true}]}}