{"id":9287,"date":"2026-04-19T20:48:19","date_gmt":"2026-04-19T18:48:19","guid":{"rendered":"https:\/\/www.sk5aa.se\/?page_id=9287"},"modified":"2026-04-20T20:19:17","modified_gmt":"2026-04-20T18:19:17","slug":"adxc-sektionen","status":"publish","type":"page","link":"https:\/\/www.sk5aa.se\/?page_id=9287","title":{"rendered":"ADXC-sektionen"},"content":{"rendered":"\n<p class=\"wp-block-paragraph\">DX-klubben ADXC (Aros DX Club) blev nyligen nedlagd efter 40 \u00e5rs verksamhet.<br>Inom VRK har vi beslutat att bilda sektionen f\u00f6r de f\u00e5 kvarvarande aktiva DX-are i V\u00e4ster\u00e5strakten.<\/p>\n\n\n\n<h6 class=\"wp-block-heading\">Kontaktpersoner<\/h6>\n\n\n\n<p class=\"wp-block-paragraph\">SA5JAC Jacques de Laval (adxc&#64;sk5&#97;&#97;&#46;&#115;&#101;) och<br>SM5KRI Krister Eriksson (&#x73;&#109;5&#x6b;&#114;i&#x40;&#x73;&#107;&#x35;&#x61;&#97;&#46;&#x73;&#101;)<\/p>\n\n\n\n<h6 class=\"wp-block-heading\">Om sektionen<\/h6>\n\n\n\n<p class=\"wp-block-paragraph\">Vi f\u00e5r tillg\u00e5ng VRK:s lokal i flygmusset och har m\u00f6jligheten att f\u00e5 ut information via VRK:s klubbtidning eQRZ och h\u00e4r p\u00e5 denna sida. Vi f\u00e5r ocks\u00e5 tillg\u00e5ng till VRKs m\u00e5nadsm\u00f6ten som n\u00e4stan alltid \u00e5tf\u00f6ljs av f\u00f6redrag i radiorelaterade \u00e4mnen som ofta \u00e4r intressanta \u00e4ven f\u00f6r dx-are. <br><br>Sektionen har inga protokollf\u00f6rda m\u00f6ten, egna stadgar eller egen kassa. Sektionen redovisar \u00e5rligen aktiviteter till Styrelsen.<br>Vill du vara med i sektionen rekommenderas <a href=\"https:\/\/www.sk5aa.se\/?page_id=13\" target=\"_blank\" rel=\"noreferrer noopener\">medlemskap<\/a> i V\u00e4ster\u00e5s Radioklubb.<\/p>\n\n\n\n<h6 class=\"wp-block-heading\">Kommande aktiviteter<\/h6>\n\n\n\n<p class=\"wp-block-paragraph\">40-\u00e5ringen ADXC har kilat vidare. Klubben \u00e4r nerlagd. Men detta ska inte ske utan viss uppst\u00e5ndelse:<br>Vi tr\u00e4ffas p\u00e5 Bishops Arms 4 maj, kl 18:00 f\u00f6r samvaro\/grav\u00f6l.<br>Anm\u00e4l deltagande till SA5JAC Jacques H de Laval (&#x61;&#x64;&#120;c&#64;&#x73;&#x6b;&#53;&#97;a&#x2e;&#x73;&#101;)<\/p>\n\n\n\n<h6 class=\"wp-block-heading\">Vad \u00e4r DX-ing<\/h6>\n\n\n\n<p class=\"wp-block-paragraph\">DX-ing \u00e4r att lyssna p\u00e5 utl\u00e4ndska rundradiostationer, g\u00e4rna avl\u00e4gsna som m\u00f6jligt p\u00e5 l\u00e5ng- mellan- och kortv\u00e5g. Det finns \u00e4ven DX-are som \u00e4gnar sig \u00e5t att lyssna p\u00e5 amat\u00f6rradiotrafik och andra som specialiserar sig p\u00e5 andra typer av radiotrafik, t ex fyrar f\u00f6r flyg och sj\u00f6fart. Sommartid under vissa f\u00f6rh\u00e5llanden kan det p\u00e5 FM-bandet ibland komma in utl\u00e4ndska stationer via Tropo eller E-skip fr\u00e5n sydpeuropa.<\/p>\n\n\n\n<p class=\"wp-block-paragraph\">F\u00f6rr var DX-ing en stor och popul\u00e4r hobby, m\u00e5nga radioamat\u00f6rer b\u00f6rjade som DX-are.<br>F\u00f6rr hade n\u00e4stan alla l\u00e4nder utlandss\u00e4ndningar p\u00e5 kortv\u00e5g, och inhemska\/regionala eller lokala s\u00e4ndningar p\u00e5 mellanv\u00e5g. N\u00e5got som tyv\u00e4rr har minskat mycket kraftigt med \u00e5ren av kostnadssk\u00e4l. Att driva en rundradios\u00e4ndare med h\u00f6g effekt och stora antenner p\u00e5 kortv\u00e5g eller mellanv\u00e5g \u00e4r mycket dyrt.<\/p>\n\n\n\n<p class=\"wp-block-paragraph\">DX-arnas riksorganisation (motsvarighet till SSA) \u00e4r <a href=\"https:\/\/www.sdxf.se\/WP\/\" target=\"_blank\" rel=\"noreferrer noopener\">SDXF<\/a>. <br>Du kan l\u00e4sa mer om DX-ing h\u00e4r: <a href=\"https:\/\/sv.wikipedia.org\/wiki\/DX-ing\" target=\"_blank\" rel=\"noreferrer noopener\">https:\/\/sv.wikipedia.org\/wiki\/DX-ing<\/a><\/p>\n\n\n\n<p class=\"wp-block-paragraph\"><\/p>\n","protected":false},"excerpt":{"rendered":"<p>DX-klubben ADXC (Aros DX Club) blev nyligen nedlagd efter 40 \u00e5rs verksamhet.Inom VRK har vi beslutat att bilda sektionen f\u00f6r de f\u00e5 kvarvarande aktiva DX-are i V\u00e4ster\u00e5strakten. Kontaktpersoner SA5JAC Jacques de Laval (&#97;&#x64;&#120;&#x63;&#64;&#x73;k&#53;&#x61;&#97;&#x2e;&#115;&#x65;) ochSM5KRI Krister Eriksson (sm5kri&#64;s&#107;&#53;&#97;&#97;&#46;&#115;&#101;) Om sektionen Vi f\u00e5r tillg\u00e5ng VRK:s lokal i flygmusset och har m\u00f6jligheten att f\u00e5 ut information via VRK:s&hellip;&nbsp;<a href=\"https:\/\/www.sk5aa.se\/?page_id=9287\" rel=\"bookmark\">L\u00e4s mer &raquo;<span class=\"screen-reader-text\">ADXC-sektionen<\/span><\/a><\/p>\n","protected":false},"author":5,"featured_media":0,"parent":0,"menu_order":0,"comment_status":"closed","ping_status":"closed","template":"","meta":{"_crdt_document":"{\"document\":\"AACfAdfzh\/gezAWHyZLnFJfzh\/gepZHVmwPX84f4HgHlkdWbAwOX84f4HuWR1ZsDBdfzh\/geAOWR1ZsDC9fzh\/geAaWR1ZsD1\/OH+B4ApZHVmwOX84f4HqWR1ZsDl\/OH+B6lkdWbA5fzh\/ge5ZHVmwMA1\/OH+B4ApZHVmwOX84f4HqWR1ZsDl\/OH+B7lkdWbAwbX84f4HgDlkdWbAwuX84f4HpsFBgIyAQlQKhwBAQgBAUgKSBKoA8AFgguqAewHqgHmBbYMAQEIAQFICkgEAgxUOgEBCAEBSPIDqgE2sAICEAKYAQKiAQLuBAi4BQTmBiCeCAEBCAEBSMAHEpoBpAGmBAToBDSaBgMABAIIAgoDAAQCFgMABAII7gQEArYE9AS6BOQBBBAKAwAEGATiBJoHAQEIAQFIAghKhAmSB54BDgIGxgnmC5QfjgKeART+DrYR4BGgEegQ7AK+FAAMOgAUSAgYTMgKjgKeARScBkigBBwCxCyILAEBCAEBSAIEAhBOSoQBAQEIAQFI3ATaBq4P7gSmBRACCgIEAwIGAgYDAQYECAMBGBQQDAIHAOwCeL4DCAMABAMCCAMC3AMMsAUC7AUEArYF7gUIBAYECLwFBQACxAYEigbyBRQQDgaYBQLUBZgF1gWkBQLEDqgOAQEIAkIBAEjoCAy0BYQFzggKAgaICcQJApQJCAbaCZ4JAt4JvAkCBQACCAYCGgIMAgQCBAIGBCj8CwK8DAMDBBTuBbYFHJgB1hIIkgYI\/gWKAaAFFIwEGggkCAokDgcAzA62BQDYB5YElAn4AwQCphPsEcICjBQBAQgBAUgCCEqACQEBCAKiBAIGLqIBmgEC2AgBAEgAiAkBAQgDABoCIALCAQEASOIeAwME1gvkBZI+ogQDBCoCoAGcAYwCGgIgAoYBBPIdAJwBQpYdGAAGzAecAfYbAgCaIwYWAAYuANYBAOAiAIwXAwQqAtYTAoYBniEAzAkChgEExhvEggGcmwHemwGUeJgX2o8BsgEA3gGgApQDAgAKEp5ozGgBAQgBAUgKXHagigHEiQGMevpzCAIAio0B1osBCMYClgPOA44DmHD4bgEBCAEBSPgCCIiOAZkCrgWCBqoBpgMSmgGkAQEAAo4HBBAKAwAEGASAEawDABagEeIVjgIAvhT+FACEFgDEFpgWANgWnAyOAp4BFNwQsBbwFgEA0gcAvBW8E3gBDIoBDAEABgQCAAkABAYECAECAgQAGBQQDgYBAAYA5CyIKgy0BQDKAwoCBgAEAgEBCAEAAgERBAIBBqICAQEWBiAIBhoMFIwEGtwJiAoICiQOBwDYCAK6DtwVsgKACgLqNgEAojoDAwTwEYAupB7IHUICAKwd7B2mFpwB9hsCkiMBASRkAJgB6iS4JMQkpiTaDQMEKgLWEwKkIswJAoYBBMYbmBnEStZPlk\/+Srhx3HGiSog\/+A4BAfBzio0BAQDUjQEACI4DlBfsGAjjBCgAIQEnAAQAgQAnASgEJwAoCycAhAAHACEAKAEnASgCJwABAKgAhAEEAIQBxACEAIcAIQAoACEAJwEhACgBJwABAKgBIQCEAIcAIQAoAScBKAInAMQBhACBAIQAgQCEAIEAhAKoAAQAhAGoAIcAIQAoACEAJwEhACgBJwDEA8EAxAGEAIEAhACBAIQAgQCEBIEAhACBAIQAgQCEAIEAhACoASEAqAABAIQAxAiHACEAKAEnASgCJwCoAAQAgQAAAIQCgQCEAcQAhATEBcEAxAHBAMQAwQHEAMEBxAPBAMQBwQDEAMcAIQAoACEAJwEhACgBJwCoASEAqAAEAMcAKAInASgCJwDEAIQBBACEAYEAhACBAIQAgQCEAYEAhACBAIQAgQCEAIEChACBAIQAgQOEAIECxAHBAMQBwQDEAMEAxAHBAsQBwQDEAcEAxATBBMQAwQDEAMEAxAHBAMQAwQTEAMEAxADBAIEAhACBAMcAIQAoACEAJwEBACEAKAEnAMQBwQDECMEAxADBAMQAwQHEAMEAxADBAMQAwQDEAMEAxADBAMQAwQDEAMEAxADBAMQAwQDECcEBxADBAMQVRADEAqgBIQCoAIQAxwAhACgBJwEoAicAqAAEAMcAKAInAQQAhACBAIQCgQCEACgCJwDHACgCJwEEAIQAgQCEAigCJwDEB4QNgQCEBMQBwQDEAcEAxAbBAMQAwQDEAcEAxADBAMQNhAHEBagAxAAhAKgAKAIhAIQAxACEAcQBhALEAIQBxwAoAicBKAInAAQAxAHBAIQAxAvHACgCJwEoAicAxAGEjzvYN3N0YXRldmVyc2lvbmRvY3VtZW50ZGF0ZWRvY3VtZW50c3RhdHVzZG9jdW1lbnR0aXRsZUFkb2N1bWVudGNvbnRlbnRkb2N1bWVudGV4Y2VycHRkb2N1bWVudGF1dGhvcmRvY3VtZW50ZmVhdHVyZWRfbWVkaWFkb2N1bWVudGNvbW1lbnRfc3RhdHVzZG9jdW1lbnRwaW5nX3N0YXR1c2RvY3VtZW50dGVtcGxhdGVkb2N1bWVudG1ldGFuZXZlX21ldGFfc2lkZWJhcm5ldmVfbWV0YV9jb250YWluZXJuZXZlX21ldGFfZW5hYmxlX2NvbnRlbnRfd2lkdGhuZXZlX21ldGFfY29udGVudF93aWR0aG5ldmVfbWV0YV90aXRsZV9hbGlnbm1lbnRuZXZlX21ldGFfYXV0aG9yX2F2YXRhcm5ldmVfcG9zdF9lbGVtZW50c19vcmRlcm5ldmVfbWV0YV9kaXNhYmxlX2hlYWRlcm5ldmVfbWV0YV9kaXNhYmxlX2Zvb3Rlcm5ldmVfbWV0YV9kaXNhYmxlX3RpdGxlX3RoZW1laXNsZV9ndXRlbmJlcmdfYmxvY2tfaGFzX3Jldmlld2Zvb3Rub3Rlc2RvY3VtZW50YmxvY2tzRFhDLXNla3Rpb25lbmNsaWVudElkaXNWYWxpZG5hbWVhdHRyaWJ1dGVzY29udGVudGRyb3BDYXBoYXNDdXN0b21DU1NvdHRlckNvbmRpdGlvbnNpbm5lckJsb2Nrc0RYLWtsdWJiZW4gQURYQyAoQXJvcyBEWCBDbHViKSBibGV2IG55bGlnZW4gbmVkbGFnZCBlZnRlciA0MCDDpXJzIHZlcmtzYW1oZXQuPGJyPklub20gVlJLIGhhciB2aSBiZXNsdXRhdCBhdHQgYmlsZGEgZsO2ciBkZSBmw6Uga3ZhcnZhcmFuZGUgYWt0aXZhIERYLWFyZSBpIFbDpHN0ZXLDpXN0cmFrdGVuPCEtLSB3cDpwYXJhZ3JhcGggLS0+CjxwPkRYLWtsdWJiZW4gQURYQyAoQXJvcyBEWCBDbHViKSBibGV2IG55bGlnZW4gbmVkbGFnZCBlZnRlciA0MCDDpXJzIHZlcmtzYW1oZXQuPGJyPklub20gVlJLIGhhciB2aSBiZXNsdXRhdCBhdHQgYmlsZGEgZsO2ciBkZSBmw6Uga3ZhcnZhcmFuZGUgYWt0aXZhIERYLWFyZSBpIFbDpHN0ZXLDpXN0cmFrdGVuPC9wPgo8IS0tIC93cDpwYXJhZ3JhcGggLS0+c2VrdGlvbmVuIC5jbGllbnRJZGlzVmFsaWRuYW1lYXR0cmlidXRlc2NvbnRlbnRkcm9wQ2FwaGFzQ3VzdG9tQ1NTb3R0ZXJDb25kaXRpb25zaW5uZXJCbG9ja3NsZXZlbEtvbnRha3RwZXJzb25lcmNsaWVudElkaXNWYWxpZG5hbWVhdHRyaWJ1dGVzY29udGVudGRyb3BDYXBoYXNDdXN0b21DU1NvdHRlckNvbmRpdGlvbnNpbm5lckJsb2Nrc3Nla3Rpb25lbiAuCgo8IS0tIHdwOmhlYWRpbmcgeyJsZXZlbCI6fSAtLT4KPGggY2xhc3M9IndwLWJsb2NrLWhlYWRpbmciPktvbnRha3RwZXJzb25lcjwvaD4KPCEtLSAvd3A6aGVhZGluZyAtLT4KCjwhLS0gd3A6cGFyYWdyYXBoIC0tPgo8cD48L3A+CjwhLS0gL3dwOnBhcmFncmFwaCAtLT5TQTVKQUMgSmFjcXVlcyBIIGRlIExhdmFsIChhZHhjQHNrNWFhLnNlKSBvY2g8YnI+U001S1JJIEtyaXN0ZXIgRXJpa3Nzb24gKHNtNWtyaUBzazVhYS5zZSljbGllbnRJZGlzVmFsaWRuYW1lYXR0cmlidXRlc2NvbnRlbnRkcm9wQ2FwaGFzQ3VzdG9tQ1NTb3R0ZXJDb25kaXRpb25zaW5uZXJCbG9ja3M2NjZTQTVKQUMgSmFjcXVlcyBkZSBMYXZhbCAoYWR4Y0BzazVhYS5zZSkgb2NoYnI+U001S1JJIEtyaXN0ZXIgRXJpa3Nzb24gKHNtNWtyaUBzazVhYS5zZSk8Cgo8IS0tIHdwOmFnIC0tPgo8cD48Lz4KPCEtLSAvd3A6YWcgLS0+bGV2ZWxPbSBzZWt0aW9uZW5oZWRpbnsibGV2ZWwiOjZ9IGg2IGNsYXNzPSJ3LWJsb2NrLWhlYWRpbmciT20gc2VrdGlvbmVuaDZoZWRpbmNsaWVudElkaXNWYWxpZG5hbWVhdHRyaWJ1dGVzY29udGVudGRyb3BDYXBoYXNDdXN0b21DU1NvdHRlckNvbmRpdGlvbnNpbm5lckJsb2Nrc1ZpIGbDpXIgdGlsbGfDpW5nIFZSSzpzIGxva2FsIGkgZmx5Z211c3NldCBvY2ggaGFyIG3DtmpsaWdoZXRlbiBhdHQgZsOlIHV0IGluZm9ybWF0aW9uIHZpYSBWUks6cyBrbHViYnRpZG5pbmcgZVFSWiBvY2ggaMOkciBww6UgZGVubmEgc2lkYS4gVmkgZsOlciBvY2tzw6UgdGlsbGfDpW5nIHRpbGwgVlJLcyBtw6VuYWRzbcO2dGVuIHNvbSBuw6RzdGFuIGFsbHRpZCDDpXRmw7ZsanMgYXYgZsO2cmVkcmFnIGkgcmFkaW9yZWxhdGVyYWRlIMOkbW5lbiBzb20gb2Z0YSDDpHIgaW50cmVzc2FudGEgw6R2ZW4gZsO2ciBkeC1hcmUuU2VrdGlvbmVuIGhhciBpbmdhIHByb3Rva29sbGbDtnJkYSBtw7Z0ZW4sIGVnbmEgc3RhZGdhciBlbGxlciBlZ2VuIGthc3NhLjxicj5WaWxsIGR1IHZhcmEgbWVkIGkgc2VrdGlvbmVuIHJla29tbWVuZGVyYXMgbWVkbGVtc2thcCBpIFbDpHN0ZXLDpXMgUmFkaW9rbHViYi4gPGJyPgoKPCEtLSB3cDpwYXJhZ3JhcGggLS0+CjxwPlZpIGbDpXIgdGlsbGfDpW5nIFZSSzpzIGxva2FsIGkgZmx5Z211c3NldCBvY2ggaGFyIG3DtmpsaWdoZXRlbiBhdHQgZsOlIHV0IGluZm9ybWF0aW9uIHZpYSBWUks6cyBrbHViYnRpZG5pbmcgZVFSWiBvY2ggaMOkciBww6UgZGVubmEgc2lkYS4gVmkgZsOlciBvY2tzw6UgdGlsbGfDpW5nIHRpbGwgVlJLcyBtw6VuYWRzbcO2dGVuIHNvbSBuw6RzdGFuIGFsbHRpZCDDpXRmw7ZsanMgYXYgZsO2cmVkcmFnIGkgcmFkaW9yZWxhdGVyYWRlIMOkbW5lbiBzb20gb2Z0YSDDpHIgaW50cmVzc2FudGEgw6R2ZW4gZsO2ciBkeC1hcmUuIDxicj5TZWt0aW9uZW4gaGFyIGluZ2EgcHJvdG9rb2xsZsO2cmRhIG3DtnRlbiwgZWduYSBzdGFkZ2FyIGVsbGVyIGVnZW4ga2Fzc2EuPGJyPlZpbGwgZHUgdmFyYSBtZWQgaSBzZWt0aW9uZW4gcmVrb21tZW5kZXJhcyBtZWRsZW1za2FwIGkgVsOkc3RlcsOlcyBSYWRpb2tsdWJiLjwvcD4KPCEtLSAvd3A6cGFyYWdyYXBoIC0tPjxhIGhyZWY9Imh0dHBzOi8vd3d3LnNrNWFhLnNlLz9wYWdlX2lkPTEzIj48L2E+IHRhcmdldD0iX2JsYW5rIiByZWw9Im5vcmVmZXJyZXIgbm9vcGVuZXIiPGJyPiBTZWt0aW9uZW4gcmVkb3Zpc2FyIMOlcmxpZ2VuIGFrdGl2aXRldGVyIDxicj4gU2VrdGlvbmVuIHJlZG92aXNhciDDpXJsaWdlbiBha3Rpdml0ZXRlciB0aWxsPGEgaHJlZj0iaHR0cHM6Ly93d3cuc2s1YWEuc2UvP3BhZ2VfaWQ9MTMiIHRhcmdldD0iX2JsYW5rIiByZWw9Im5vcmVmZXJyZXIgbm9vcGVuZXIiPjwvYT50aWxsIFN0eXJlbHNlbi5jbGllbnRJZGlzVmFsaWRuYW1lYXR0cmlidXRlc2NvbnRlbnRkcm9wQ2FwaGFzQ3VzdG9tQ1NTb3R0ZXJDb25kaXRpb25zaW5uZXJCbG9ja3NsZXZlbEtvbW1hbmRlIGFrdGl2aXRldGVyY2xpZW50SWRpc1ZhbGlkbmFtZWF0dHJpYnV0ZXNjb250ZW50ZHJvcENhcGhhc0N1c3RvbUNTU290dGVyQ29uZGl0aW9uc2lubmVyQmxvY2tzIFN0eXJlbHNlbi4KCjwhLS0gd3A6aGVhZGluZyB7ImxldmVsIjo2fSAtLT4KPGg2IGNsYXNzPSJ3cC1ibG9jay1oZWFkaW5nIj5Lb21tYW5kZSBha3Rpdml0ZXRlcjwvaDY+CjwhLS0gL3dwOmhlYWRpbmcgLS0+Cgo8IS0tIHdwOnBhcmFncmFwaCAtLT4KPHA+PC9wPgo8IS0tIC93cDpwYXJhZ3JhcGggLS0+ViB0csOkZmZhcyAgcm4gICBhdmxkaVZpIHRyw6RmZmFzIHIgcm4gciBCaXNob3BzNCBtYWosIGtsIDE4OjAwPGI+QW3DpGx0aWxsY2RlYWFhQGFhY2xpZW50SWRpc1ZhbGlkbmFtZWF0dHJpYnV0ZXNjb250ZW50ZHJvcENhcGhhc0N1c3RvbUNTU290dGVyQ29uZGl0aW9uc2lubmVyQmxvY2tzIHDDpSBBcm1zIGbDtnIgcMOlIEJpc2hvcHMgQW1zNCBtYWosIGtsIDE4OjAwIGbDtiA8YnI+QW3DpGx0aWxsICBhY2RlYXZhbGFkQGEuPC9wPgo8IS0tIC93cDpwYWFncmFwaC0tPgoKPCEtLSB3cDpwYXJhZ3JhcGggLS0+CjxwPnNhbXZhcm8vZ3JhdsO2bC5TQTVKQUNKcXVlcyBIICBMICh4Y3NrNS5zZSlzYW12YXJvL2dyYXbDtmwuU0E1SkFDSnF1ZXMgSCAgTCAoeGNzazVhc2UpZGVsdGFnYW5kZSA0MC3DpXJpbmdlbiBBRFhDIGhhciBraWxhdCB2aWRhcmUuIEtsdWJiZW4gw6RyIG5lcmxhZ2QuIE1lbiBkZXR0YSBza2EgaW50ZSBza2UgdXRhbiB2aXNzIHVwcHN0w6VuZGVsc2U6PGJyPjQwLcOlcmluZ2VuIEFEWEMgaGFyIGtpbGF0IHZpZGFyZS4gS2x1YmJlbiDDpHIgbmVybGFnZC4gTWVuIGRldHRhIHNrYSBpbnRlIHNrZSB1dGFuIHZpc3MgdXBwc3TDpW5kZWxzZTo8YnI+ZGVsYWdhbmRlIHRsZXZlbFZhZCDDpHIgRFgtaW5nY2xpZW50SWRpc1ZhbGlkbmFtZWF0dHJpYnV0ZXNjb250ZW50ZHJvcENhcGhhc0N1c3RvbUNTU290dGVyQ29uZGl0aW9uc2lubmVyQmxvY2tzRFgtaW5nIMOkciBhdHQgbHlzc25hIHDDpSB1dGzDpG5kc2thIHJ1bmRyYWRpb3N0YXRpb25lciwgZ8Okcm5hIGF2bMOkZ3NuYSBzb20gbcO2amxpZ3QgcMOlIGzDpW5nLSBtZWxsYW4tIG9jaCBrb3J0dsOlZy4gRGV0IGZpbm5zIMOkdmVuIERYLWFyZSBzb20gw6RnbmFyIHNpZyDDpXQgYXR0IGx5c3NuYSBww6UgYW1hdMO2cnJhZGlvdHJhZmlrIG9jaCBhbmRyYSBzb20gc3BlY2lhbGlzZXJhciBzaWcgcMOlIGFuZHJhIHR5cGVyIGF2IHJhZGlvdHJhZmlrLCB0IGV4IGZ5cmFyIGbDtnIgZmx5ZyBvY2ggc2rDtmZhcnQuY2xpZW50SWRpc1ZhbGlkbmFtZWF0dHJpYnV0ZXNjb250ZW50RsO2cnIgdmFyIERYLWluZyBlbiBzdG9yIG9jaCBwb3B1bMOkciBob2JieSwgbcOlbmdhIHJhZGlvYW1hdMO2cmVyIGLDtnJqYWRlIHNvbSBEWC1hcmUuPGJyPkbDtnJyIGhhZGUgbsOkc3RhbiBhbGxhIGzDpG5kZXIgdXRsYW5kc3PDpG5kbmluZ2FyIHDDpSBrb3J0dsOlZywgbXNvbSB0eXbDpHJyIGhhciBtaW5za2F0IGtyYWZ0aWd0IG1lZCDDpXJlbiBhdiBrb3N0bmFkc3Nrw6RsLiBBdHQgZHJpdmEgZW4gcmFkaW9zw6RuZGFyZSBtZWQgaMO2ZyBlZmZla3Qgb2NoIHN0b3JhIGFudGVubmVyw6RyIG15Y2tldCBkeXJ0LmRyb3BDYXBoYXNDdXN0b21DU1NvdHRlckNvbmRpdGlvbnNpbm5lckJsb2Nrc2NsaWVudElkaXNWYWxpZG5hbWVhdHRyaWJ1dGVzY29udGVudER1IGthbiBsw6RzYSBtZSBvbSBEWC1pbmcgaMOkcjogaHR0cHM6Ly9zdi53aWtpcGVkaWEub3JnL3dpa2kvRFgtaW5nZHJvcENhcGhhc0N1c3RvbUNTU290dGVyQ29uZGl0aW9uc2lubmVyQmxvY2tzaGVhZGluZyB7ImxldmVsIjo2fSAtLT4KPGg2IGNsYXNzPSJ3LWJsb2NrLWhlZGluZyI+VmFkIMOkIERYLWluZzwvaDY+CjwhLS0gL3dwOmhlZGluIC0tPgoKPCEtLSB3cDpwYWdyYURYLWluZyDDpHIgYXR0IGx5c3NuYSBww6UgdXRsw6RuZHNrYSBydW5kcmFkaW9zdGF0aW9uZXIsIGfDpHJuYSBhdmzDpGdzbmEgc29tIG3DtmpsaWd0IHDDpSBsw6VuZy0gbWVsbGFuLSBvY2gga29ydHbDpWcuIERldCBmaW5ucyDDpHZlbiBEWC1hcmUgc29tIMOkZ25hciBzaWcgw6V0IGF0dCBseXNzbmEgcMOlIGFtYXTDtnJyYWRpb3RyYWZpayBvY2ggYW5kcmEgc29tIHNwZWNpYWxpc2VyYXIgc2lnIHDDpSBhbmRyYSB0eXBlciBhdiByYWRpb3RyYWZpaywgdCBleCBmeXJhciBmw7ZyIGZseWcgb2NoIHNqw7ZmYXJ0LgoKPCEtLSB3cDpwYXJhZ3JhcGggLS0+CjxwPkbDtnJyIHZhciBEWC1pbmcgZW4gc3RvciBvY2ggcG9wdWzDpHIgaG9iYnksIG3DpW5nYSByYWRpb2FtYXTDtnJlciBiw7ZyamFkZSBzb20gRFgtYXJlLjxicj5Gw7ZyciBoYWRlIG7DpHN0YW4gYWxsYSBsw6RuZGVyIHV0bGFuZHNzw6RuZG5pbmdhciBww6Uga29ydHbDpWcsIG1lbiBzb20gdHl2w6RyciBoYXIgbWluc2thdCBrcmFmdGlndCBtZWQgw6VyZW4gYXYga29zdG5hZHNza8OkbC4gQXR0IGRyaXZhIGVuIHJhZGlvc8OkbmRhcmUgbWVkIGjDtmcgZWZmZWt0IG9jaCBzdG9yYSBhbnRlbm5lciDDpHIgbXlja2V0IGR5cnQuPC9wPgo8IS0tIC93cDpwYXJhZ3JhcGggLS0+Cgo8IS0tIHdwOnBhcmFncmFwaCAtLT4KPHA+RHUga2FuIGzDpHNhIG1lIG9tIERYLWluZyBow6RyOiBodHRwczovL3N2Lndpa2lwZWRpYS5vcmcvd2lraS9EWC1pbmc8L3A+CjwhLS0gL3dwOnBhcmFncmFwaCAtLT5ydW5kIHDDpSBrb3J0dsOlZyBlbGxlciBtZWxsYW52w6VnIHVuZHJww6Uga29ydHbDpWcgZWxsZXIgbWVsbGFudsOlZyBvY2ggaW5oZW1za2EvcmVnaW9uYWxhIGVsbGVyIGxva2FsYSBzw6RuZG5pbmdhciBww6UgZWxsYW52w6VnLiBOw6Vnb3QgIG15Y2tldG9jaCBpbmhlc2thL3JnaW9hbGFlbGxlciBsb2thbGEgw6RuZG5pbmdhciBww6UgbWVsbGFudsOlZy4gTsOlZ3Qgc29teWNldCBrPGEgcmVmPSJoIj5odHRwczovL3N2Lndpa2lwZWRpYS5vcmcvd2lraS9EWC1pbmc8L2E+IHRhcmdldD0iX2JsYW5rIiByZWw9Im5vcmVmZXJyZXIgbm9vcGVuZXIiPGEgcmVmPSJoIiB0YXJnZXQ9Il9ibGFuayIgcmVsPSJub3JlZmVycmVyIG5vb3BlbmVyIj5odHRwczovL3N2Lndpa2lwZWRpYS5vcmcvd2lraS9EWC1pbmdhPjwvcnJzdGF0ZXZlcnNpb25kb2N1bWVudHNsdWdzdGF0ZXNhdmVkQXRzdGF0ZXNhdmVkQnlzdGF0ZXZlcnNpb24gU29tbWFydGlkIFNvbW1hcnRpZCB1bmRlciB2aXNzYSBmw7ZyaMOlbGxhbmRlbiBrYW4gZGV0IHDDpSBGTS1iYW5kZXQga29tbWEgaW4gdXRsw6RuZHNrYSBzdGF0aW9uZXIgdmlhIGlibGFuZCAgdW5kZXIgdmlzc2EgZsO2cmjDpWxsYW5kZW4ga2FuIGRldCBww6UgRk0tYmFuZGV0IGlibGFuZCBrb21tYSBpbiB1dGzDpG5kc2thIHN0YXRpb25lciB2aWEgVHJvcG8gZWxsZXIgZS1za2lwRSBmcsOlbiBzeXBldXJvcGEuY2xpZW50SWRpc1ZhbGlkbmFtZWF0dHJpYnV0ZXNjb250ZW50ZHJvcENhcGhhc0N1c3RvbUNTU290dGVyQ29uZGl0aW9uc2lubmVyQmxvY2tzJ2RUcm9wbyBlbGxlciBFLXNraXAgZnLDpW4gc3lkcGV1cm9wYS5EWC1hcm5hcyByaWtzb3JnYW5pc2F0aW9uIChtb3RzdmFyaWdoZXQgdGlsbCBTU0EpIMOkciBTRFhGLlgtYXJuYXMgcmlrc29yZ2FuaXNhdGlvbiAobW90c3ZhcmlnaGV0IHRpbGwgU1NBKSDDpHIgU0RYRi5EIDxicj5YLWFybmFzIHJpa3NvcmdhbmlzYXRpb24gKG1vdHN2YXJpZ2hldCB0aWxsIFNTQSkgw6RyIFNEWEYuIDxicj5EPGEgaHJlZj0iaHR0cHM6Ly93d3cuc2R4Zi5zZS9XUC8iPjwvYT4gdGFyZ2V0PSJfYmxhbmsiIHJlbD0ibm9yZWZlcnJlciBub29wZW5lciJjbGllbnRJZGlzVmFsaWRuYW1lYXR0cmlidXRlc2NvbnRlbnRkcm9wQ2FwaGFzQ3VzdG9tQ1NTb3R0ZXJDb25kaXRpb25zaW5uZXJCbG9ja3M8YSBocmVmPSJodHRwczovL3d3dy5zZHhmLnNlL1dQLyIgdGFyZ2V0PSJfYmxhbmsiIHJlbD0ibm9yZWZlcnJlciBub29wZW5lciI+PC9hPgoKPCEtLSB3cDpwYXJhZ3JhcGggLS0+CjxwPjwvcD4KPCEtLSAvd3A6cGFyYWdyYXBoIC0tPgUHCAQIBggFAQgHCAcIBggOCA4IC0gBBBETHhcZF1gBFyUJCAYNCAcECkcADA8LswE1jAI1GwoBCAcECkcADA8LBQ8IBwQKRwAMDwsKARsILDEBGg4CigEIBwQKRwAMDwtBAQ8cLQpBAQVBAAILQQAEBQwCAwwLDwxCAAMIBwQKRwAMDwuYBIcBLwcDFwW4BIcBLwoyKgEEKgQCBxYEBgQtlQEERwABCAcECkcADA8LBRQIBwQKRwAMD0sAiAIbAQhBCgtBBQcPQgADAQMBAkEECAcECkcADA8LA0UADAISAQUDAQRBAQIEQQMCDgYNQQMCCg4BBgEHQgEDBA8GAQdCAQMBQwABB+gBAAMIBQ0IBwQKRwAMDwuVBAgHBAoHkQIBFzEtDwcMDwsIBwQKBwENEAEjBwwPCyQJCxgDEAOVBBuRAkEEFQEwLoYBDRABIwIZAQMECAQMBBsIAQMLBBMEEAEGCAVDAA0bBAMEAwYBKSoDBpABBEEABQcIBAUHBQcFB0oALyEHlwEMAQUBSAEHBApHAAwPC0EAIzo0BEEABTQEByEBBCoIBwQKRwAMDwuMAQQ2DwEDAAABBwALAQAAcwEEADhCAQEAQQACAEEAAgBBAAIAQQACAEEAAgBBAAIAQQACAEEAAgBBAAIAQQACAEEAAgBBAAIAQQACAGpBARFBMgIBAgRBAAIEQQICQQahAgFGAEMAAQMCQQ8FAgFDAAEDAgQBDAoIBkMAAQQCAQRBADoBQwAHA0IAAQNBAAcCAwECBRFBATxBAgMBBAsCAQMNBkIAAxRCACxBDANBCgJDAkEMN0EEA\/wDAH0BfQV9AHcGY2xvc2VkdwZjbG9zZWR3AHcAdwB3AH0AdwB3AHcAdwB3AHcAeXcAeHcOY29yZS9wYXJhZ3JhcGh5eXUAdyRlZTg2N2VlMC0xZTg3LTQ1MzMtYTE1Yi1hMGIzOWE0YTgyMzl4eXUAdyRlZTgzNjM3Ni05YmFjLTRlM2EtOTNiYi05MGYwY2QwNmFmNTN3DGNvcmUvaGVhZGluZ3h3DmNvcmUvcGFyYWdyYXBoeXl1AHckMjgwNmM4OWQtNDg5ZC00MzgyLTllYzctZjcxYjE4YzI4OGZkfQZ4eXUAdyRiMjM3OTU3Zi05MTRhLTQ3ZWEtODI5ZC05ZWI3ZTQzMjY1YjF3DGNvcmUvaGVhZGluZ30GeHcOY29yZS9wYXJhZ3JhcGh5eXUAdyRkMTY4ZTM1YS0zMWQ3LTRlZTktYWU2MS1mMjYwYWUwZjE1OTh4eXUAdyRkOWQ0Njk5NC0yYTcxLTQyMjMtYjU1OC1lZDE3MGQyOTcwNDR3DGNvcmUvaGVhZGluZ30GdyQ4ZDc0ZmZlNi03ZGQ5LTRhMjctOGMyMC0zMmJjZTQ0MzE3OGF4dw5jb3JlL3BhcmFncmFwaHl5dQB4eXUAdyQzYWRmOGI3ZC1iMWY3LTRkNzEtODc0MC00YzMxYWMxMDc1N2R3DGNvcmUvaGVhZGluZ30GeHcOY29yZS9wYXJhZ3JhcGh5eXUAdyRiMGZjODg0Ni00ZDI5LTQ1Y2UtYjdhNC0zNTE4ZTVhNjJmYWR3JGJjNjUyYzczLWJlYTctNDZkMy05NGU2LTg2YTlhODhjZTEyNXh3DmNvcmUvcGFyYWdyYXBoeXl1AHckODhiNjBjZTctYTFjYS00ODE2LTk4OGUtOWJhMGJhY2QyZDI0eHcOY29yZS9wYXJhZ3JhcGh5eXUAdwdwdWJsaXNoBQB3EzIwMjYtMDQtMTlUMjA6NDg6MTl3DmFkeGMtc2VrdGlvbmVue0J52nGMwcAAe0HkzkpI4AAANQB3JDNiZjdjM2JlLWY2MjAtNGQwYS1hM2Q2LTYxMjE5ODdhYjVlYnh3DmNvcmUvcGFyYWdyYXBoeXl1AHckYTQ1ZmFkNjQtY2UwZS00MGY4LTkxZWMtZjc4YjQxMGJiMzI1eHcOY29yZS9wYXJhZ3JhcGh5eXUAA9f5g7wPXgEBAhAjAAgAkQMAAQACAAMAAgAQAC4ACAAsAFsBTAABAAIAFQFTAAEBAQMKAAsAAQEBAwYAAQFLAKECoQF9AOgEBR0FBAUGA4oBAQ4AAgABAAIABQDXAQQBAQEAAgIBAgEAAQgBAAEjAQYMAwIBAQACBQI5FgALEQEBAgACAgENAQABBgEQAQABAAI8CwAzAgEAAQ4BAQIABAIBDAEFAQEBAQECAhMyAw4rrgIADwC2AwJ1ACcArAYAUwEMAjsCCwIXAgQAx6TJswoBAADlyOrNAQQAAM4BABYKJHA=\",\"updateId\":78252127}","neve_meta_sidebar":"","neve_meta_container":"","neve_meta_enable_content_width":"","neve_meta_content_width":0,"neve_meta_title_alignment":"","neve_meta_author_avatar":"","neve_post_elements_order":"","neve_meta_disable_header":"","neve_meta_disable_footer":"","neve_meta_disable_title":"","_themeisle_gutenberg_block_has_review":false,"footnotes":""},"class_list":["post-9287","page","type-page","status-publish","hentry"],"_links":{"self":[{"href":"https:\/\/www.sk5aa.se\/index.php?rest_route=\/wp\/v2\/pages\/9287","targetHints":{"allow":["GET"]}}],"collection":[{"href":"https:\/\/www.sk5aa.se\/index.php?rest_route=\/wp\/v2\/pages"}],"about":[{"href":"https:\/\/www.sk5aa.se\/index.php?rest_route=\/wp\/v2\/types\/page"}],"author":[{"embeddable":true,"href":"https:\/\/www.sk5aa.se\/index.php?rest_route=\/wp\/v2\/users\/5"}],"replies":[{"embeddable":true,"href":"https:\/\/www.sk5aa.se\/index.php?rest_route=%2Fwp%2Fv2%2Fcomments&post=9287"}],"version-history":[{"count":3,"href":"https:\/\/www.sk5aa.se\/index.php?rest_route=\/wp\/v2\/pages\/9287\/revisions"}],"predecessor-version":[{"id":9314,"href":"https:\/\/www.sk5aa.se\/index.php?rest_route=\/wp\/v2\/pages\/9287\/revisions\/9314"}],"wp:attachment":[{"href":"https:\/\/www.sk5aa.se\/index.php?rest_route=%2Fwp%2Fv2%2Fmedia&parent=9287"}],"curies":[{"name":"wp","href":"https:\/\/api.w.org\/{rel}","templated":true}]}}