{"id":6,"date":"2009-08-11T20:03:55","date_gmt":"2009-08-11T18:03:55","guid":{"rendered":"http:\/\/sk5aa.se.bart.kontrollpanelen.se\/wordpress\/?page_id=6"},"modified":"2026-02-16T21:18:40","modified_gmt":"2026-02-16T20:18:40","slug":"6-2","status":"publish","type":"page","link":"https:\/\/www.sk5aa.se\/?page_id=6","title":{"rendered":"Information"},"content":{"rendered":"\n<p class=\"wp-block-paragraph\"><strong>V\u00e4ster\u00e5s Radioklubb (VRK) \u00e4r en av sveriges st\u00f6rsta radioklubbar.<br>VRK bildades 1943 (83 \u00e5r sedan) och har ca 90 medlemmar.<br>Bes\u00f6ksadress: H\u00e4ssl\u00f6gatan 16, V\u00e4ster\u00e5s (V\u00e4ster\u00e5s Flygmuseum).<\/strong><\/p>\n\n\n\n<p class=\"wp-block-paragraph\"><strong>SSA-bulletinen<\/strong><br>S\u00f6ndagar 19.00, SK5SSA \u00f6ver SK5RHQ p\u00e5 RV62 (145,775 MHz subton 136,5 Hz).<\/p>\n\n\n\n<p class=\"wp-block-paragraph\"><strong>VRK lokaltrafikn\u00e4t<\/strong><br>S\u00f6ndagar ca 19.15, SK5AA\/5 \u00f6ver SK5RHQ p\u00e5 RV62 (145,775 MHz subton 136,5 Hz).<\/p>\n\n\n\n<p class=\"wp-block-paragraph\"><strong>VRK lokal tr\u00e4ffpunkt<\/strong><br>VHF FM 145,375 MHz, SSB 3712 kHz.<\/p>\n\n\n\n<p class=\"wp-block-paragraph\"><strong>eQRZ<\/strong><br>eQRZ \u00e4r ett m\u00e5nadsbrev, distribueras till medlemmarna per e-post.<br>Ansvarig utgivare av eQRZ \u00e4r styrelsen. Redakt\u00f6r SM5GMZ<\/p>\n\n\n\n<p class=\"wp-block-paragraph\"><strong>M\u00e5nadsm\u00f6ten<\/strong><br>Andra torsdagen i m\u00e5naden fr\u00e5n 19.00. Uppeh\u00e5ll juli och ev augusti.<br>Program ansl\u00e5s p\u00e5 hemsidan och meddelas via via nyhetsbrev och eQRZ.<\/p>\n\n\n\n<p class=\"wp-block-paragraph\"><strong>Klubbkv\u00e4ll<\/strong><br>I regel en onsdag 13 dagar efter ordinarie m\u00e5nadsm\u00f6te (andra datum kan f\u00f6rekomma). Tidpunkt kl 18.30. <br>Kontrollera i <a href=\"https:\/\/www.sk5aa.se\/?post_type=tribe_events&amp;eventDisplay=upcoming\">kalender<\/a> f\u00f6r kommande klubbkv\u00e4llar. Meddelas via nyhetsbrev och eQRZ.<\/p>\n\n\n\n<p class=\"wp-block-paragraph\"><strong>Radiopejlorientering<\/strong><br>M\u00e5ndagar och l\u00f6rdagar under sommarhalv\u00e5ret. mera info: <a href=\"http:\/\/www.pejla.se\" target=\"_blank\" rel=\"noopener noreferrer\">www.pejla.se<\/a> eller <a href=\"https:\/\/rpo.sk5aa.se\/\">https:\/\/rpo.sk5aa.se\/<\/a><\/p>\n","protected":false},"excerpt":{"rendered":"<p>V\u00e4ster\u00e5s Radioklubb (VRK) \u00e4r en av sveriges st\u00f6rsta radioklubbar.VRK bildades 1943 (83 \u00e5r sedan) och har ca 90 medlemmar.Bes\u00f6ksadress: H\u00e4ssl\u00f6gatan 16, V\u00e4ster\u00e5s (V\u00e4ster\u00e5s Flygmuseum). SSA-bulletinenS\u00f6ndagar 19.00, SK5SSA \u00f6ver SK5RHQ p\u00e5 RV62 (145,775 MHz subton 136,5 Hz). VRK lokaltrafikn\u00e4tS\u00f6ndagar ca 19.15, SK5AA\/5 \u00f6ver SK5RHQ p\u00e5 RV62 (145,775 MHz subton 136,5 Hz). VRK lokal tr\u00e4ffpunktVHF FM 145,375&hellip;&nbsp;<a href=\"https:\/\/www.sk5aa.se\/?page_id=6\" rel=\"bookmark\">L\u00e4s mer &raquo;<span class=\"screen-reader-text\">Information<\/span><\/a><\/p>\n","protected":false},"author":5,"featured_media":0,"parent":2,"menu_order":0,"comment_status":"closed","ping_status":"closed","template":"","meta":{"_crdt_document":"","neve_meta_sidebar":"","neve_meta_container":"","neve_meta_enable_content_width":"","neve_meta_content_width":0,"neve_meta_title_alignment":"","neve_meta_author_avatar":"","neve_post_elements_order":"","neve_meta_disable_header":"","neve_meta_disable_footer":"","neve_meta_disable_title":"","_themeisle_gutenberg_block_has_review":false,"footnotes":""},"class_list":["post-6","page","type-page","status-publish","hentry"],"_links":{"self":[{"href":"https:\/\/www.sk5aa.se\/index.php?rest_route=\/wp\/v2\/pages\/6","targetHints":{"allow":["GET"]}}],"collection":[{"href":"https:\/\/www.sk5aa.se\/index.php?rest_route=\/wp\/v2\/pages"}],"about":[{"href":"https:\/\/www.sk5aa.se\/index.php?rest_route=\/wp\/v2\/types\/page"}],"author":[{"embeddable":true,"href":"https:\/\/www.sk5aa.se\/index.php?rest_route=\/wp\/v2\/users\/5"}],"replies":[{"embeddable":true,"href":"https:\/\/www.sk5aa.se\/index.php?rest_route=%2Fwp%2Fv2%2Fcomments&post=6"}],"version-history":[{"count":2,"href":"https:\/\/www.sk5aa.se\/index.php?rest_route=\/wp\/v2\/pages\/6\/revisions"}],"predecessor-version":[{"id":9228,"href":"https:\/\/www.sk5aa.se\/index.php?rest_route=\/wp\/v2\/pages\/6\/revisions\/9228"}],"up":[{"embeddable":true,"href":"https:\/\/www.sk5aa.se\/index.php?rest_route=\/wp\/v2\/pages\/2"}],"wp:attachment":[{"href":"https:\/\/www.sk5aa.se\/index.php?rest_route=%2Fwp%2Fv2%2Fmedia&parent=6"}],"curies":[{"name":"wp","href":"https:\/\/api.w.org\/{rel}","templated":true}]}}