{"id":16,"date":"2009-08-11T20:17:31","date_gmt":"2009-08-11T18:17:31","guid":{"rendered":"http:\/\/sk5aa.se.bart.kontrollpanelen.se\/wordpress\/?page_id=16"},"modified":"2025-12-08T21:10:03","modified_gmt":"2025-12-08T20:10:03","slug":"stagdar","status":"publish","type":"page","link":"https:\/\/www.sk5aa.se\/?page_id=16","title":{"rendered":"Stadgar"},"content":{"rendered":"\n<p class=\"wp-block-paragraph\">H\u00e4mta stadgar som PDF ><a href=\"https:\/\/www.sk5aa.se\/wp-content\/uploads\/2025\/12\/Stadgar-2025.pdf\" target=\"_blank\" rel=\"noreferrer noopener\">h\u00e4r<\/a>&lt; rev. 2025<\/p>\n\n\n\n<h3 class=\"wp-block-heading\">VRK STADGAR (rev. Feb -2005)<\/h3>\n\n\n\n<p class=\"has-nv-dark-bg-color has-text-color has-background has-link-color wp-elements-a3180b9704036051a3a2449fed662c93 wp-block-paragraph\" style=\"background-color:#f8dc01\"><em>Denna text \u00e4r under uppdatering, senaste revisionen finns i PDF h\u00e4r ovan<\/em><\/p>\n\n\n\n<p class=\"wp-block-paragraph\">Stadgar f\u00f6r V\u00e4ster\u00e5s Radioklubb, \u00e4ndrade och antagna vid \u00e5rsm\u00f6ten: 1990, 1993 (\u00a78), 2005 (\u00a73).<\/p>\n\n\n\n<p class=\"wp-block-paragraph\"><strong>\u00a7 01<\/strong> Klubbens syfte \u00e4r att utg\u00f6ra en sammanslutning av personer som \u00e4r intresserade av amat\u00f6rradio. Klubbens \u00e4ndam\u00e5l \u00e4r uteslutande ideellt och d\u00e4rf\u00f6r fullst\u00e4ndigt opolitiskt.<\/p>\n\n\n\n<p class=\"wp-block-paragraph\"><strong>\u00a7 02<\/strong> Medlemskap kan vinnas av varje radiotekniskt intresserad person, villig att i god samf\u00f6rst\u00e5nds- och kamratanda verka f\u00f6r klubbens str\u00e4vanden. Det \u00e5ligger medlem att f\u00f6lja utf\u00e4rdade lagar samt Post- och telestyrelsens, PTS, f\u00f6rordningar avseende innehav och handhavande av radioutrustning.<\/p>\n\n\n\n<p class=\"wp-block-paragraph\"><strong>\u00a7 03<\/strong> Medlemsavgiften skall erl\u00e4ggas senast den 31 Januari f\u00f6r det kalender\u00e5r medlemskapet g\u00e4ller. Om betalning ej inkommit detta datum upph\u00f6r medlemskapet i klubben. Medlemskap \u00e5terf\u00e5s genom senare betalning samma kalender\u00e5r. Medlemskapet g\u00e4ller d\u00e5 till kalender\u00e5rets slut. Nya medlemmar, vilka erl\u00e4gger medlemsavgift under det 4:e kvartalet r\u00e4knas som medlemmar f.o.m. det datum avgift betalats och t.o.m. n\u00e4stkommande kalender\u00e5r.<\/p>\n\n\n\n<p class=\"wp-block-paragraph\"><strong>\u00a7 04<\/strong> F\u00f6reningens arbete sker dels genom f\u00f6rel\u00e4sningar och demonstrationer vid klubbens sammantr\u00e4den, och dels genom studiecirklar i olika specialfr\u00e5gor. Medlemmar intresserade av n\u00e5got s\u00e4rskilt \u00e4mne inom klubbens verksamhetsomr\u00e5de kan sluta sig samman i separata sektioner lydande under VRK men med en egen intern organisation.<\/p>\n\n\n\n<p class=\"wp-block-paragraph\"><strong>\u00a7 05<\/strong> Ordinarie sammantr\u00e4de skall som regel h\u00e5llas varje m\u00e5nad, utom under sommaren. Styrelsen kan kalla till extra sammantr\u00e4de. Vid sammantr\u00e4den s\u00e5v\u00e4l som i allt \u00f6vrigt f\u00f6reningsarbete f\u00f6ljes sedvanlig parlamentarisk ordning. Kallelse till sammantr\u00e4de sker p\u00e5 s\u00e4tt som best\u00e4ms av \u00c5rssammantr\u00e4de (\u00e5rsm\u00f6te).<\/p>\n\n\n\n<p class=\"wp-block-paragraph\"><strong>\u00a7 06<\/strong> \u00c5rssammantr\u00e4de skall h\u00e5llas i februari m\u00e5nad, varvid Styrelse v\u00e4ljs i enlighet med \u00a7 08 samt v\u00e4ljs Revisorer i enlighet med \u00a7 09. D\u00e4rut\u00f6ver v\u00e4ljs klubbens \u00f6vriga Funktion\u00e4rer.<\/p>\n\n\n\n<p class=\"wp-block-paragraph\"><strong>\u00a7 07<\/strong> Val i enlighet med \u00a7 06 sker genom \u00f6ppen omr\u00f6stning. Varje medlem, vilken har erlagt sin medlemsavgift f\u00f6r verksamhets\u00e5ret senast f\u00f6re \u00e5rssammantr\u00e4des \u00f6ppnande har r\u00f6str\u00e4tt. Icke n\u00e4rvarande medlem kan ut\u00f6va sin<br>r\u00f6str\u00e4tt vid sammantr\u00e4de via annan, vid sammantr\u00e4det n\u00e4rvarande klubbmedlem, genom fullmakt. N\u00e4rvarande medlem f\u00e5r dock inneha h\u00f6gst en fullmakt, vilken skall vara vidimerad av tv\u00e5 personer.<\/p>\n\n\n\n<p class=\"wp-block-paragraph\"><strong>\u00a7 08<\/strong> Styrelsen best\u00e5r av Ordf\u00f6rande och fyra Ordinarie Ledam\u00f6ter, samt tv\u00e5 Suppleanter. Samtliga dessa Ledam\u00f6ter v\u00e4ljs av \u00c5rssammantr\u00e4det. Styrelsen utser inom sig; Vice Ordf\u00f6rande, Sekreterare och Kass\u00f6r. Ordf\u00f6rande v\u00e4ljs f\u00f6r en period av ett \u00e5r, ordinarie Ledam\u00f6ter v\u00e4ljs f\u00f6r tv\u00e5 \u00e5r samt Suppleanter f\u00f6r ett \u00e5r. Styrelsen utser Vice Ordf\u00f6rande och Kass\u00f6r s\u00e5 att deras mandatperioder f\u00e5r en inb\u00f6rdes f\u00f6rskjutning med ett \u00e5r. Suppleanter deltar i Styrelsem\u00f6ten s\u00e5 som de \u00f6vriga Ledam\u00f6terna.<\/p>\n\n\n\n<p class=\"wp-block-paragraph\"><strong>\u00a7 09<\/strong> Tv\u00e5 Revisorer j\u00e4mte personliga Suppleanter utses av \u00c5rssammantr\u00e4det<\/p>\n\n\n\n<p class=\"wp-block-paragraph\"><strong>\u00a7 10<\/strong> \u00c4ndringar av dessa Stadgar kan g\u00f6ras endast vid \u00c5rssammantr\u00e4de. D\u00e4rvid kr\u00e4vs minst tv\u00e5 tredjedels majoritet.<\/p>\n\n\n\n<p class=\"wp-block-paragraph\"><strong>\u00a7 11<\/strong> Klubben kan uppl\u00f6sas av \u00c5rssammantr\u00e4de efter beslut med minst tre fj\u00e4rdedels Majoritet,- eller om klubbens medlemsantal underskrider fem medlemmar. Vid klubbens uppl\u00f6sning skall dess ekonomiska tillg\u00e5ngar anv\u00e4ndas f\u00f6r \u00e4ndam\u00e5l vilka \u00f6verensst\u00e4mmer med klubbens stadgeenliga intentioner.<\/p>\n\n\n\n<p class=\"wp-block-paragraph\"><strong>\u00a7 12<\/strong> Styrelsens Ordf\u00f6rande \u00e4r ansvarig utgivare f\u00f6r klubbtidningen QRZ samt f\u00f6r klubbens \u00f6vriga publikationer. Utgivaransvaret kan delegeras, med vederb\u00f6rlig notering d\u00e4rom i Styrelsens sammantr\u00e4desprotokoll.<\/p>\n","protected":false},"excerpt":{"rendered":"<p>H\u00e4mta stadgar som PDF >h\u00e4r&lt; rev. 2025 VRK STADGAR (rev. Feb -2005) Denna text \u00e4r under uppdatering, senaste revisionen finns i PDF h\u00e4r ovan Stadgar f\u00f6r V\u00e4ster\u00e5s Radioklubb, \u00e4ndrade och antagna vid \u00e5rsm\u00f6ten: 1990, 1993 (\u00a78), 2005 (\u00a73). \u00a7 01 Klubbens syfte \u00e4r att utg\u00f6ra en sammanslutning av personer som \u00e4r intresserade av amat\u00f6rradio. Klubbens&hellip;&nbsp;<a href=\"https:\/\/www.sk5aa.se\/?page_id=16\" rel=\"bookmark\">L\u00e4s mer &raquo;<span class=\"screen-reader-text\">Stadgar<\/span><\/a><\/p>\n","protected":false},"author":5,"featured_media":0,"parent":2,"menu_order":0,"comment_status":"closed","ping_status":"closed","template":"","meta":{"_crdt_document":"","neve_meta_sidebar":"","neve_meta_container":"","neve_meta_enable_content_width":"","neve_meta_content_width":0,"neve_meta_title_alignment":"","neve_meta_author_avatar":"","neve_post_elements_order":"","neve_meta_disable_header":"","neve_meta_disable_footer":"","neve_meta_disable_title":"","_themeisle_gutenberg_block_has_review":false,"footnotes":""},"class_list":["post-16","page","type-page","status-publish","hentry"],"_links":{"self":[{"href":"https:\/\/www.sk5aa.se\/index.php?rest_route=\/wp\/v2\/pages\/16","targetHints":{"allow":["GET"]}}],"collection":[{"href":"https:\/\/www.sk5aa.se\/index.php?rest_route=\/wp\/v2\/pages"}],"about":[{"href":"https:\/\/www.sk5aa.se\/index.php?rest_route=\/wp\/v2\/types\/page"}],"author":[{"embeddable":true,"href":"https:\/\/www.sk5aa.se\/index.php?rest_route=\/wp\/v2\/users\/5"}],"replies":[{"embeddable":true,"href":"https:\/\/www.sk5aa.se\/index.php?rest_route=%2Fwp%2Fv2%2Fcomments&post=16"}],"version-history":[{"count":2,"href":"https:\/\/www.sk5aa.se\/index.php?rest_route=\/wp\/v2\/pages\/16\/revisions"}],"predecessor-version":[{"id":9182,"href":"https:\/\/www.sk5aa.se\/index.php?rest_route=\/wp\/v2\/pages\/16\/revisions\/9182"}],"up":[{"embeddable":true,"href":"https:\/\/www.sk5aa.se\/index.php?rest_route=\/wp\/v2\/pages\/2"}],"wp:attachment":[{"href":"https:\/\/www.sk5aa.se\/index.php?rest_route=%2Fwp%2Fv2%2Fmedia&parent=16"}],"curies":[{"name":"wp","href":"https:\/\/api.w.org\/{rel}","templated":true}]}}