{"id":1332,"date":"2011-01-12T13:54:49","date_gmt":"2011-01-12T11:54:49","guid":{"rendered":"http:\/\/www.sk5aa.se\/?page_id=1332"},"modified":"2023-09-12T23:16:02","modified_gmt":"2023-09-12T21:16:02","slug":"aktiviteter","status":"publish","type":"page","link":"https:\/\/www.sk5aa.se\/?page_id=1332","title":{"rendered":"Vad vi g\u00f6r"},"content":{"rendered":"\n<p class=\"wp-block-paragraph\"><span style=\"color: #333399;\"><strong>Klubblokal<\/strong><\/span><br>V\u00e5r klubblokal \u00e4r bel\u00e4gen p\u00e5 Flottiljgatan 61, V\u00e4ster\u00e5s.<\/p>\n\n\n\n<p class=\"wp-block-paragraph\"><span style=\"color: #333399;\"><strong>QSL-fack (v\u00e4ska)<\/strong><\/span><br>S\u00e4ndaramat\u00f6rer och lyssnaramat\u00f6rer som \u00e4r medlemmar i SSA kan f\u00e5 ett eget fack f\u00f6r inkommande QSL-kort och direkt-QSL som \u00e4r adresserade till VRK:s postadress. Anv\u00e4nd g\u00e4rna VRK:s adress f\u00f6r dina QSL-kort!<\/p>\n\n\n\n<p class=\"wp-block-paragraph\"><span style=\"color: #333399;\"><strong>Gratis ins\u00e4ndning av QSL-kort<\/strong><\/span><br>Som medlem i VRK kan du l\u00e4mna utg\u00e5ende QSL-kort till v\u00e5r <a href=\"https:\/\/www.sk5aa.se\/?page_id=106\">funktion\u00e4r<\/a> som skickar in till SSA. Korten ska vara sorterade landvis och frankerade med SSA:s QSL-m\u00e4rke. N\u00e4r du sorterar, t\u00e4nk p\u00e5 att det kan finnas flera prefix inom samma land. QSL-m\u00e4rken kan k\u00f6pas av <a rel=\"noreferrer noopener\" href=\"https:\/\/hamshop.ssa.se\/index.php?route=product\/category&amp;path=64\" target=\"_blank\">SSA Hamshop<\/a>, alternativt att du betalar till SSA:s plusgoro 52277-1. Skriv d\u00e5 \u201dQSL-avgift\u201d och er anropssignal som meddelande).<\/p>\n\n\n\n<p class=\"wp-block-paragraph\"><span style=\"color: #333399;\"><strong>Adresshj\u00e4lp<\/strong><\/span><br>Du kan f\u00e5 hj\u00e4lp med adresser till QSL-managers och till amat\u00f6rer i hela v\u00e4rlden genom \u2018Callbooks\u2019 som finns p\u00e5&nbsp; Internet, s\u00f6k p\u00e5 QRZ.com, http:\/\/hamcall.net\/call och liknande.&nbsp; <\/p>\n\n\n\n<p class=\"wp-block-paragraph\"><span style=\"color: #333399;\"><strong>DX<\/strong><\/span><br>DX-information f\u00e5r du b\u00e4st via ett DX-Cluster p\u00e5 internet.<\/p>\n\n\n\n<p class=\"wp-block-paragraph\"><span style=\"color: #333399;\"><strong>Kurser<\/strong><\/span><br>Klubben kan arrangera kurser f\u00f6r amat\u00f6rradiocertifikat i m\u00e5n av intresse.<\/p>\n\n\n\n<p class=\"wp-block-paragraph\"><span style=\"color: #333399;\"><strong>Radiopejlkurs<\/strong><\/span><br>Klubben anordnar kurser i radiopejlorientering i m\u00e5n av intresse.<\/p>\n\n\n\n<p class=\"wp-block-paragraph\"><span style=\"color: #333399;\"><strong>Radiosamband<\/strong><\/span><br>V\u00e5ra medlemmar st\u00e4ller upp och uppr\u00e4ttar radiosamband vid  rallyt\u00e4vlingar. Tag kontakt med sambandsansvarig om du \u00e4r intresserad.<\/p>\n\n\n\n<p class=\"wp-block-paragraph\"><span style=\"color: #333399;\"><strong>Radiopejlorientering, RPO<\/strong><\/span><br>RPO-sektionen (r\u00e4vj\u00e4garna) arrangerar r\u00e4vjakter runt V\u00e4ster\u00e5s fr\u00e5n april till oktober. Alla intresserade har m\u00f6jlig het att l\u00e5na peljmottagare vid t\u00e4vlingarna. Dessutom finns alltid handledare tillg\u00e4ngliga f\u00f6r att hj\u00e4lpa nyb\u00f6rjare.<\/p>\n\n\n\n<p class=\"wp-block-paragraph\"><span style=\"color: #333399;\"><strong>Bibliotek<\/strong><\/span><br>I klubbens bibliotek finns n\u00e5gra svenska och utl\u00e4ndska tidskrifter och b\u00f6cker. <\/p>\n\n\n\n<p class=\"wp-block-paragraph\"><span style=\"color: #333399;\"><strong>Rel\u00e4station<\/strong><\/span><br>Klubben driver och ansvarar f\u00f6r repeaterstationen SK5RHQ p\u00e5 145,775 och 433,775 MHz FM. B\u00e5da repeatrarna \u00e4r placerade centralt i V\u00e4ster\u00e5s och arbetar p\u00e5 kanal RV7 (RV62) respektive RU7 (RU382). Mera info om repeatern finns <a href=\"https:\/\/www.sk5aa.se\/?page_id=710\">h\u00e4r<\/a>.<\/p>\n\n\n\n<p class=\"wp-block-paragraph\"><span style=\"color: #333399;\"><strong>Lokaltrafikn\u00e4t<\/strong><\/span><br>Under st\u00f6rre delen av \u00e5ret h\u00e5lls VRK:s lokaltrafikn\u00e4t varje s\u00f6ndagskv\u00e4ll efter SSA-bulletinen, ca 19.15 \u00f6ver V\u00e4ster\u00e5s-repeatern SK5RHQ, 145,775 MHz. H\u00e4r kan var och en ropa in och l\u00e4mna meddelanden eller fr\u00e5ga om amat\u00f6rradioaktiviteter. Sektionsledarna informerar regelbundet om verksamheten.<\/p>\n\n\n\n<p class=\"wp-block-paragraph\"><span style=\"color: #333399;\"><strong>VRK-andan<\/strong><\/span><br>Alla ovanst\u00e5ende aktiviteter har till kommit genom medlemmarnas frivilliga, ideella insatser. F\u00f6r att vi ska kunna bibeh\u00e5lla aktiviteterna och kanske ut\u00f6ka dem m\u00e5ste alla gemensamt hj\u00e4lpas \u00e5t i den gamla goda VRK-andan. Du som \u00e4r ny i klubben, bidra sj\u00e4lv efter egen f\u00f6rm\u00e5ga p\u00e5 m\u00f6ten, lokaltrafikn\u00e4t och i eQRZ. Du kommer d\u00e5 att k\u00e4nna samh\u00f6righet med \u00f6vriga medlemmar.<\/p>\n\n\n\n<p class=\"wp-block-paragraph\"><span style=\"color: #333399;\"><strong>VRK-ringen<\/strong><\/span><br>Sedan m\u00e5nga \u00e5r har VRK-medlemmarna anv\u00e4nt en frekvens d\u00e4r man kan n\u00e5 varandra f\u00f6r s.k. \u201ctrastuggning\u201d. Till en b\u00f6rjan anv\u00e4ndes frekvensen endast under semestertid. Numera \u00e4r ringen en betydelsefull tr\u00e4ffpunkt \u00e5ret runt. I synnerhet f\u00f6r VRK-medlemmar som har flyttat till annan ort, men \u00e4nd\u00e5 vill k\u00e4nna VRK-samh\u00f6righet. Sedan 1994 \u00e4r frekvensen 3712 kHz +- QRM. Tidpunkten \u00e4r f\u00f6r n\u00e4rvarande 08.00 svensk tid (SNT\/SST). Mest aktivitet \u00e4r p\u00e5 helger.<\/p>\n","protected":false},"excerpt":{"rendered":"<p>KlubblokalV\u00e5r klubblokal \u00e4r bel\u00e4gen p\u00e5 Flottiljgatan 61, V\u00e4ster\u00e5s. QSL-fack (v\u00e4ska)S\u00e4ndaramat\u00f6rer och lyssnaramat\u00f6rer som \u00e4r medlemmar i SSA kan f\u00e5 ett eget fack f\u00f6r inkommande QSL-kort och direkt-QSL som \u00e4r adresserade till VRK:s postadress. Anv\u00e4nd g\u00e4rna VRK:s adress f\u00f6r dina QSL-kort! Gratis ins\u00e4ndning av QSL-kortSom medlem i VRK kan du l\u00e4mna utg\u00e5ende QSL-kort till v\u00e5r funktion\u00e4r&hellip;&nbsp;<a href=\"https:\/\/www.sk5aa.se\/?page_id=1332\" rel=\"bookmark\">L\u00e4s mer &raquo;<span class=\"screen-reader-text\">Vad vi g\u00f6r<\/span><\/a><\/p>\n","protected":false},"author":5,"featured_media":0,"parent":1330,"menu_order":0,"comment_status":"closed","ping_status":"closed","template":"","meta":{"_crdt_document":"","neve_meta_sidebar":"","neve_meta_container":"","neve_meta_enable_content_width":"","neve_meta_content_width":0,"neve_meta_title_alignment":"","neve_meta_author_avatar":"","neve_post_elements_order":"","neve_meta_disable_header":"","neve_meta_disable_footer":"","neve_meta_disable_title":"","_themeisle_gutenberg_block_has_review":false,"footnotes":""},"class_list":["post-1332","page","type-page","status-publish","hentry"],"_links":{"self":[{"href":"https:\/\/www.sk5aa.se\/index.php?rest_route=\/wp\/v2\/pages\/1332","targetHints":{"allow":["GET"]}}],"collection":[{"href":"https:\/\/www.sk5aa.se\/index.php?rest_route=\/wp\/v2\/pages"}],"about":[{"href":"https:\/\/www.sk5aa.se\/index.php?rest_route=\/wp\/v2\/types\/page"}],"author":[{"embeddable":true,"href":"https:\/\/www.sk5aa.se\/index.php?rest_route=\/wp\/v2\/users\/5"}],"replies":[{"embeddable":true,"href":"https:\/\/www.sk5aa.se\/index.php?rest_route=%2Fwp%2Fv2%2Fcomments&post=1332"}],"version-history":[{"count":0,"href":"https:\/\/www.sk5aa.se\/index.php?rest_route=\/wp\/v2\/pages\/1332\/revisions"}],"up":[{"embeddable":true,"href":"https:\/\/www.sk5aa.se\/index.php?rest_route=\/wp\/v2\/pages\/1330"}],"wp:attachment":[{"href":"https:\/\/www.sk5aa.se\/index.php?rest_route=%2Fwp%2Fv2%2Fmedia&parent=1332"}],"curies":[{"name":"wp","href":"https:\/\/api.w.org\/{rel}","templated":true}]}}